-2*p - 26. Let o(a) = -a**2 - 17*a + 26. Give o(p).
8
Suppose 5*d + 3 = -3*s, -5*s + 4*s = 2*d + 2. Let o = d - -3. Let l(p) = o*p + 1 + p + p**2 - 1. What is l(2)?
6
Suppose -2*o + 30 = -8*o. Let h(y) = y - 2. What is h(o)?
-7
Let y(s) = -2*s + 4. Let z(l) = 3. Let n(t) = 3*y(t) - 5*z(t). Determine n(-3).
15
Let t(j) = 681*j + 1 + 0 - 683*j. Give t(0).
1
Let s(k) = -k**3 + 3*k**2 + k - 3. Let z be (4/5)/((-6)/(-180)). Suppose -17*v + z = -9*v. Give s(v).
0
Let l(o) = 19*o - 39. Let d(g) = 12*g - 26. Let z(y) = 8*d(y) - 5*l(y). What is z(4)?
-9
Let w(p) = 115 - 2*p + 0*p + 5*p - 84. What is w(-9)?
4
Suppose -2*m + 3*p + 5 = 0, -3*p - 30 = -5*m - 13. Let g(j) = j**2 - 8. Determine g(m).
8
Let y = 361 - 368. Let c(w) = -5*w. Determine c(y).
35
Let t(p) = 3*p - 3. Suppose 31*i = 10*i + 126. Give t(i).
15
Let i(j) = -18*j - 5. Let t(f) = 6*f + 2. Let g(m) = 2*i(m) + 7*t(m). Let p(r) = r + 1. Let l(y) = -g(y) + 4*p(y). What is l(-5)?
10
Let j(d) = d**2 + 2*d - 6. Let i be j(-4). Let y(a) = -2 - 4 - a + 2 - i*a. Suppose -22 = 4*t - 10. Give y(t).
5
Let j(q) be the third derivative of q**6/120 + q**5/12 - q**4/12 + 3*q**3/2 - 41*q**2 + 3*q. What is j(-5)?
19
Let o(t) be the second derivative of 2*t**3/3 + 43*t**2/2 - 18*t. Let s be o(-11). Let l(p) = -15*p**3 - p**2 + 1. Determine l(s).
15
Let o(k) = -k**3 + 4*k**2 + 7*k + 2. Suppose -31*h = 54*h - 425. Determine o(h).
12
Let r(g) = g**2 - 8*g + 8. Let y = -15 + 20. Suppose -4*v + y*f + 23 = 0, -f = -3*v + 2*f + 18. What is r(v)?
1
Let o(t) = t**2 - 5*t - 2. Let z(y) = 2*y**2 + 6*y - 3. Let l be z(-4). Suppose 2*u + 4*m + 5 = -3, -u - 16 = l*m. Calculate o(u).
-6
Let y(d) = -2*d + 54. Let w(g) = g - 25. Let v(s) = 5*w(s) + 2*y(s). Determine v(24).
7
Let y(b) be the first derivative of 1/4*b**4 - 8/3*b**3 - 6*b + 9/2*b**2 - 13. Calculate y(7).
8
Let h(o) be the first derivative of -o**6/120 + o**5/60 - o**4/24 + o**3/3 - 15*o**2/2 + 8. Let l(f) be the second derivative of h(f). Determine l(2).
-4
Let o(b) = -5*b**2 - 3*b - 2. Let m(v) = -4*v**2 - 2*v - 1. Let j(h) = 3*m(h) - 2*o(h). What is j(3)?
-17
Let n(i) = -2*i**3 + 3*i**2 - 1. Let s(y) = 7*y - 93. Let a be s(13). Give n(a).
27
Let d(g) be the third derivative of -g**5/60 + g**4/2 + 5*g**3/6 - 28*g**2. What is d(12)?
5
Let i(w) = -w + 11. Let z be 252/(-198)*-11 + 0 + -1. Calculate i(z).
-2
Let y = 1465 - 1469. Let k(f) = -2*f**2 - 3*f + 2. Give k(y).
-18
Suppose 3*u + 3 = n + 12, 4*u - 12 = -4*n. Suppose n = 5*t - 4*t + 4. Let g(s) = -s + 3. Let j(f) = -f + 2. Let o(k) = 4*g(k) - 5*j(k). Determine o(t).
-2
Let s(f) = -f - 1. Suppose 0*i + 2*i = 6. Suppose 0 = -5*l + 13 - i. Let c be (l/1)/(5/(-10)). Calculate s(c).
3
Let t(u) be the first derivative of -3*u**4/4 + u**3/3 + u**2 + u - 688. Determine t(2).
-15
Let q(m) = 336*m - 4 + 319*m - 3*m**2 - 657*m. Determine q(3).
-37
Let f be 0/(0 + (-6)/3). Let h(j) = -10*j + 15. Let u(l) = 23*l - 31. Let p(m) = -7*h(m) - 3*u(m). Determine p(f).
-12
Suppose 2*f = -0*f + 2. Let u be 7 - (3/3 + f). Suppose -3*h + 4*p + p - 32 = 0, -4*h + 4 = u*p. Let o(w) = -w**2 - 5*w - 6. What is o(h)?
-2
Let t(v) = v + 2. Suppose -3*r = -3 + 3. Suppose -3*j - d = -17, -j = -r*j - 4*d + 16. Give t(j).
6
Let m(b) = -11*b**2 - 3*b + 2. Let y(k) = 7*k**2 + 2*k - 2. Let z(r) = 2*m(r) + 3*y(r). Give z(5).
-27
Let l(h) = -h**3 + 5*h**2 - 3*h - 3. Suppose -v + 3 = 0, -7*v + 15 = -3*o - 3*v. Let p be (-6 + 6 + -3)*o. Give l(p).
6
Let n(m) = -m**3 - 7*m**2 - 5*m + 4. Suppose 2*p - 4*p = -26. Let i(d) = 2*d - 16. Let x be i(p). Let a = x - 16. Calculate n(a).
-2
Let t(a) = -10*a**2 - 3*a - 5 + 4 + 4*a. Let g(k) be the third derivative of -k**6/120 + k**5/60 + 7*k**4/24 - k**3/3 - 4*k**2. Let z be g(3). Give t(z).
-10
Let y = -226 - -223. Let q(r) be the first derivative of -r**4/4 - r**3 - r**2 - r - 2. Give q(y).
5
Let p(m) = 85*m - 2*m**2 - 72*m + 5 + 3*m**2. Let q be p(-12). Let o(r) = -r**3 - 6*r**2 + 9*r + 5. What is o(q)?
-9
Let b(c) = 20*c + 102. Let t be b(-5). Let r(w) be the first derivative of 1/3*w**3 + t*w + 8 + 0*w**2. Give r(0).
2
Let c(t) be the third derivative of t**6/120 - 2*t**5/15 + t**4/4 - t**3/2 - 4*t**2. Suppose -12 = -3*z, -4*d = 4*z - 73 + 29. Calculate c(d).
-10
Suppose 5*u + 28*g = 23*g + 15, 3*u - g - 21 = 0. Let b(z) = z**3 - 6*z**2 + 2*z - 1. Determine b(u).
11
Suppose 10*q - 337 = 53. Let w = -5 + 3. Let f be 91/q - w/(-6). Let g(d) = -d**3 + d**2 - 3*d + 3. What is g(f)?
-7
Let c = 121 - 126. Let f be 1 + c/10 + (-18)/(-4). Let x(q) = -1. Let n(a) = a - 4. Let y(k) = n(k) + 6*x(k). Calculate y(f).
-5
Let d(y) = -y**3 + 4*y**2 + 3*y + 1. Let t = -46 + 51. Suppose 0 = t*a, w + 25 = 6*w - a. Give d(w).
-9
Let c(k) = -72*k**2 - 5*k + 3*k + 1 + 69*k**2. Determine c(-2).
-7
Let q(d) = -d**3 - 6*d**2 - 4*d + 1. Let z be q(-6). Let c = -24 + z. Let p(n) = -c + 2*n + 2 - 2*n - n. Give p(6).
-5
Let w(m) = -m**3 - 5*m**2 - 5*m. Let y be w(-4). Let k = 9 + -3. Let b(g) = -2*g + 0*g - 2 + k. What is b(y)?
-4
Let j(i) = i**3 - 4*i**2 + 4*i - 6. Let v be j(3). Let x(p) = -10*p**2 - 14*p - 9. Let k(t) = -2*t**2 - 3*t - 2. Let f(q) = 11*k(q) - 2*x(q). Determine f(v).
-7
Let u(z) = -z**3 + 3*z**2 - 3*z - 1. Let i(c) = 2*c**2 - 31*c - 8. Let l be i(16). Suppose 0 = -4*x + l, 2*r - 4*r = -5*x + 4. Determine u(r).
-10
Let o(d) be the third derivative of -26*d**2 - 1/120*d**6 + d**3 + 0 - 1/15*d**5 + 1/6*d**4 + 0*d. What is o(-5)?
11
Let x(n) = -n**2 + 17*n - 4. Let l(a) = -a**2 + 19*a - 4. Let m(h) = -5*l(h) + 6*x(h). Determine m(7).
-4
Let x(d) = 2745 - 3*d**2 - 2742 + 2*d + 2*d**3 - 3*d**3. Calculate x(-4).
11
Let g = 2 + 0. Suppose 5*s + 4*s = -5*s. Let l(m) = m**g + 0 + 3 + 0*m + 7*m + s*m**2. What is l(-4)?
-9
Let s be 1 - (-1 + 3)/(-2). Let i(d) = -2*d**3 - 10*d**2 - 2*d - 7. Let t(p) = 6*p**3 + 26*p**2 + 5*p + 18. Let a(z) = -8*i(z) - 3*t(z). What is a(s)?
-4
Let g(f) = 6*f + 0*f**2 - 8 + 13 + f**2. Let o be g(-5). Let s(z) = -1 - z - 6*z - z + o. Determine s(-1).
7
Suppose -7*i + 3*i + 20 = 0. Suppose -i*v + 0 = -w - 8, 0 = -v - 4*w + 10. Let u(c) = 2*c + 1. Determine u(v).
5
Let q(i) = -6*i - 2. Let v(d) = d. Let s(u) = q(u) + 5*v(u). Let p = -21 - -26. Suppose 0 = -5*b - 4*t + 16, -p*t + 3 = 3*b - 4. Give s(b).
-6
Suppose -4*j - r = -10, -3*j + 3 = 4*r - 11. Let g(v) = v**3 - 1 + 17*v + 0*v**2 - 3*v**2 - 15*v. Give g(j).
-1
Let h(u) = -12*u + 5. Let i(b) = -b**2 - 20*b - 73. Let r be i(-5). Give h(r).
-19
Let g(r) = -r - 6. Let x = -88 + 84. Let u(v) = 7. Let d(s) = x*u(s) - 5*g(s). Calculate d(-3).
-13
Let g = -15 + 13. Let z be g/(-4)*(-2 + 8). Let h(k) = -k**2 - 2. Determine h(z).
-11
Let a(k) = -k**2 + 4*k - 10. Let j = -215 - -222. Determine a(j).
-31
Let h(o) = -o**3 - o**2 + 2*o + 2. Let r be h(-2). Let f(z) be the second derivative of z**5/20 - z**4/12 + z**3/2 - z**2/2 + 127*z + 1. Determine f(r).
9
Suppose 2*y - y - 12 = 0. Let i(k) = 7*k - 77. Give i(y).
7
Let k(u) = -u**2 + 7*u - 2. Let w be k(6). Suppose 3 = -d - 7. Let q = d + w. Let f(r) = -2*r - 8. Calculate f(q).
4
Let a(i) = -559*i + 1060*i - 532*i. Determine a(1).
-31
Suppose -5*m + 6 = -14. Suppose 5*l + 0*o = -m*o + 32, 0 = -2*l - o + 11. Suppose -l*n = -n + 18. Let f(r) = -r**3 - 6*r**2 - 2*r - 8. What is f(n)?
4
Let q(j) = -10*j + 1. Let w be (2/5)/(504/(-500) - -1). Let h = 52 + w. Determine q(h).
-19
Let d be ((-2)/(1*-2))/(-1). Let n(v) = 2*v. Let k(c) = 1. Let a(f) = d*n(f) - 3*k(f). Let j = -1066 + 1061. Give a(j).
7
Let n(u) = 8*u + 1. Let q be 4 + ((-4)/(-8) + 0)*0. What is n(q)?
33
Let r(h) = 22*h + h**2 - 16*h - 14 - 6*h. Give r(0).
-14
Let b(h) = -5*h**2 - 1. Let y(z) be the second derivative of -z + 0 + 1/6*z**3 + 1/2*z**4 + 1/2*z**2. Let x(i) = 5*b(i) + 4*y(i). Calculate x(4).
-1
Let z(y) be the second derivative of y**3/6 - 7*y**2/2 - 436*y. Calculate z(-13).
-20
Let u be ((-14)/(-3))/(34/51). Let r = 12 - u. Let c(i) = 4*i - 12. Let f be c(r). Let w(g) = -g**3 + 8*g**2 - 1. What is w(f)?
-1
Let i(n) = -n**2 + 2. Let o(u) = u + 1. Let j(a) = i(a) + o(a). Determine j(4).
-9
Let k(c) = -9 - 18*c + 46*c - 21*c - c**2. What is k(4)?
3
Let t(r) = r**3 + r**2 - r + 5. Suppose 0 = -23*v + 147 - 193. Calculate t(v).
3
Let c(d) be the third derivative of d**5/30 - d**4/8 + 2*d**3/3 - 516*d**2. Let f(x) = x**3 + 6*x**2 + x - 2.